rt -110011111001111101 (base 2) to base 11.
-135808
What is -1118334 (base 9) in base 13?
-1816c9
What is 3191364 (base 11) in base 4?
111121130303
187034 (base 10) to base 4
231222122
bda4f (base 16) to base 9
1413482
-33734117 (base 8) to base 4
-123323201033
What is 463016 (base 7) in base 13?
2b829
What is 33200210312 (base 4) in base 8?
17404466
25806831 (base 9) to base 13
2828b51
12001201210 (base 3) to base 11
68987
111100001 (base 4) to base 16
15401
-14115112 (base 6) to base 11
-2a6215
What is 783193 (base 10) in base 11?
495474
-110100111001111000 (base 2) to base 8
-647170
Convert 5136 (base 11) to base 7.
25604
Convert -354203322 (base 6) to base 4.
-121111131002
-322300212 (base 4) to base 11
-154909
16164 (base 7) to base 2
1000111001010
What is 31035535 (base 6) in base 4?
3121223303
-180734 (base 10) to base 3
-100011220212
What is 86307 (base 9) in base 10?
57112
What is 11110001011010110 (base 2) in base 5?
12423411
What is -3432012124 (base 5) in base 6?
-432442302
Convert 8551 (base 10) to base 16.
2167
4378382 (base 9) to base 7
26005565
111111000100000101111 (base 2) to base 14
3bb139
Convert -40234321 (base 5) to base 13.
-b3287
Convert -100111001111110011010111 (base 2) to base 6.
-1004303115
Convert 9affa (base 16) to base 2.
10011010111111111010
Convert 332221132 (base 4) to base 10.
256606
Convert -333287 (base 14) to base 12.
-6b9587
Convert -1210212333 (base 4) to base 8.
-1444677
What is 3390793 (base 10) in base 16?
33bd49
What is -562399 (base 10) in base 16?
-894df
What is -2163515 (base 8) in base 12?
-241811
What is 10c71a0 (base 13) in base 15?
6c6564
What is 1743396 (base 12) in base 8?
22277142
Convert 1065091 (base 11) to base 3.
10111210220010
Convert -14521152 (base 6) to base 2.
-1111100000110011100
-1403220241 (base 5) to base 3
-20201101012212
What is -10010100001110100111001 (base 2) in base 5?
-2220412040
-44251554 (base 6) to base 3
-2111111210221
2531037 (base 14) to base 16
1109df9
Convert -10333031 (base 4) to base 3.
-1001000122
What is -b26a4 (base 13) in base 6?
-10504053
1111010100111100 (base 2) to base 16
f53c
What is 12202210010 (base 3) in base 11?
78361
What is -17cac8 (base 13) in base 2?
-10010010010110001110
What is 3320404 (base 6) in base 12?
80104
Convert 157728 (base 9) to base 12.
48552
Convert 111110110101010101001 (base 2) to base 8.
7665251
What is -58775 (base 10) in base 15?
-12635
123148 (base 14) to base 5
124420043
What is 350172 (base 8) in base 14?
31494
Convert 100120221121 (base 3) to base 15.
3aded
What is -30222322 (base 6) in base 10?
-858506
What is -33e4b (base 16) in base 12?
-a300b
What is d46559 (base 14) in base 16?
6d4c13
Convert -5261854 (base 10) to base 14.
-9ad82a
What is -17593b3 (base 13) in base 11?
-4313884
-200212112022 (base 3) to base 10
-371447
What is -212102 (base 5) in base 3?
-100210220
What is 29957 (base 10) in base 2?
111010100000101
Convert -46215 (base 7) to base 12.
-6990
What is 568355 (base 10) in base 8?
2126043
Convert -110001021222101 (base 3) to base 8.
-30331346
What is 101011001101101100 (base 2) in base 3?
22222210201
What is 12020201221210 (base 3) in base 13?
768acb
10242530 (base 6) to base 16
498f6
528434 (base 11) to base 4
3032132022
Convert -201201201 (base 3) to base 5.
-430013
-10166031 (base 10) to base 14
-14c8b71
What is 8a913 (base 14) in base 8?
1221245
-21012020002 (base 3) to base 8
-424426
10b0664 (base 12) to base 15
4378ea
What is -1102003103 (base 4) in base 11?
-20a560
What is -1406701 (base 9) in base 14?
-1617a3
444070 (base 8) to base 15
2e4aa
What is -1111011000000010010011 (base 2) in base 12?
-1424643
What is 112001211201 (base 3) in base 16?
439a8
30db8 (base 15) to base 3
21212120202
62250b (base 12) to base 2
101110111101001011011
What is a46a (base 16) in base 7?
233466
-100122200210121 (base 3) to base 16
-4e4c15
223303 (base 7) to base 6
503151
Convert 1301765 (base 8) to base 14.
95a29
What is -4319a (base 14) in base 2?
-100111100110110100
Convert -150b5 (base 15) to base 6.
-1241142
What is -11001000111011110 (base 2) in base 14?
-296c6
What is -10000011110111010010001 (base 2) in base 15?
-5a540d
Convert -2391988 (base 13) to base 7.
-162511462
Convert -354b (base 13) to base 12.
-440b
-11144444 (base 5) to base 12
-49a53
Convert -13331152 (base 7) to base 3.
-2022201110211
Convert -1312113300 (base 4) to base 7.
-4056360
What is 12000202 (base 6) in base 10?
373322
What is -44c24 (base 16) in base 12?
-116b98
73575 (base 14) to base 16
43ed3
-101012201200002 (base 3) to base 5
-2342132124
What is -939905 (base 14) in base 10?
-4982129
86ba1 (base 15) to base 11
272519
Convert -272c7 (base 13) to base 10.
-73002
What is -c7a5 (base 16) in base 13?
-1a356
Convert -3002303 (base 6) to base 9.
-233663
-11201010020110 (base 3) to base 6
-125343450
What is -10098 (base 16) in base 13?
-23b8c
Convert -20340 (base 10) to base 3.
-1000220100
-444233 (base 5) to base 4
-3303100
Convert -5651556 (base 7) to base 8.
-2532431
What is -651530 (base 8) in base 6?
-4401000
-30444122 (base 5) to base 4
-331000320
What is -210121102201120 (base 3) in base 4?
-223303221120
Convert 113033132 (base 4) to base 2.
10111001111011110
What is a769c (base 13) in base 15?
5e7c2
What is -1143344323 (base 5) in base 14?
-509908
12211101 (base 4) to base 15
7ec6
What is -1011110101001001100 (base 2) in base 12?
-168410
Convert 171ac8 (base 14) to base 15.
11072b
Convert -1433403 (base 5) to base 13.
-10b46
Convert -315135055 (base 6) to base 11.
-3160a49
What is -11010101000010111001 (base 2) in base 9?
-1570022
Convert 198676 (base 11) to base 6.
10304405
Convert bb54 (base 12) to base 13.
952c
Convert -200001122120 (base 3) to base 13.
-c5a6c
What is -1013441 (base 5) in base 8?
-40552
What is -11212311 (base 4) in base 16?
-59b5
Convert 10464256 (base 7) to base 15.
12d9ad
-66866 (base 11) to base 2
-10111101001101000
363221 (base 10) to base 16
58ad5
202431301 (base 5) to base 4
3021323010
Convert -404204121 (base 5) to base 9.
-3056345
1020101120101 (base 3) to base 11
409885
-34311 (base 8) to base 3
-201221102
What is -23525100 (base 6) in base 9?
-1351370
Convert 14544353 (base 6) to base 11.
31a438
What is 100100011110100000001 (base 2) in base 8?
4436401
-12322121 (base 8) to base 2
-1010011010010001010001
Convert 15258992 (base 10) to base 3.
1001201020101212
What is -4602423 (base 8) in base 6?
-42414431
What is -1e5a3 (base 15) in base 2?
-11000001101010001
What is 266a92 (base 14) in base 3?
2111022010211
Convert -10777455 (base 8) to base 3.
-11102212001112
34777763 (base 8) to base 9
15266177
-1533550 (base 7) to base 14
-56860
What is 2006412 (base 7) in base 13?
8418c
32d2c3 (base 15) to base 3
11120010221110
What is -45b914 (base 12) in base 15?
-1719bd
What is -301421313 (base 5) in base 4?
-10211110302
What is -6266107 (base 8) in base 13?
-464490
-2226a1 (base 11) to base 16
-56a43
3516455 (base 7) to base 12
193725
What is 101101010011111010001 (base 2) in base 5?
340003003
What is a7824 (base 11) in base 3?
21221222111
What is -554c49 (base 15) in base 11?
-2328059
-11230224241 (base 5) to base 15
-11ba816
What is -3342232242 (base 5) in base 14?
-da2a91
2176727 (base 8) to base 5
122324041
What is 22061 (base 7) in base 2?
1010110011011
Convert -33110103221 (base 4) to base 11.
-22a2867
Convert -a6625 (base 12) to base 16.
-355fd
What is 11202112112 (base 3) in base 10?
93704
Convert -353455322 (base 6) to base 15.
-8aaa22
What is 310230 (base 5) in base 6?
114333
Convert 3d9b86 (base 15) to base 12.
bb2376
24ca4c (base 13) to base 15
127318
Convert 11102121210 (base 3) to base 13.
30900
Convert -110111102112 (base 3) to base 10.
-245984
-1907 (base 14) to base 6
-32523
Convert -28c303 (base 14) to base 8.
-5316457
What is -100001111000110110 (base 2) in base 11?
-95318
Convert 100010011222 (base 3) to base 6.
3502512
What is -2414315 (base 6) in base 14?
-34259
Convert 755917 (base 11) to base 13.
333cb0
Convert 26370225 (base 8) to base 10.
5894293
-2020011021100 (base 3) to base 14
-22b742
Convert 23233301 (base 4) to base 12.
23a15
Convert 222422421 (base 6) to base 11.
231438a
85c30 (base 13) to base 2
111010111110000100
138c2 (base 14) to base 6
1012002
What is -23445130 (base 6) i